{"id":17,"date":"2012-12-30T23:38:43","date_gmt":"2012-12-30T23:38:43","guid":{"rendered":"http:\/\/anpagarciabarbon.org\/?page_id=17"},"modified":"2025-09-23T16:56:33","modified_gmt":"2025-09-23T14:56:33","slug":"comedor","status":"publish","type":"page","link":"http:\/\/anpagarciabarbon.org\/?page_id=17","title":{"rendered":"Comedor"},"content":{"rendered":"\n<p>O equipo do noso comedor est\u00e1 conformado por case vinte monitores\/as e unha responsable. Atenden diariamente a m\u00e1is de 240 usuarios en d\u00faas quendas, dende 4\u00ba de Infantil ata 2\u00ba de Primaria e de 3\u00ba de Primaria ata 6\u00ba. Non s\u00f3 serven, sen\u00f3n que xogan e dinamizan no tempo de lecer, e como non, fan os mellores adornos e manualidades en datas sinaladas.<br><br>Dende a ANPA xestionamos coa empresa de catering e con Foanpas todos os meses os men\u00fas, tanto os basais coma os especiais, adaptados a nenos e nenas con intolerancias, alerxias, etc.<br><br>Convid\u00e1mosvos a comer cos nenos e nenas un d\u00eda, \u00e9 toda una experiencia.<\/p>\n\n\n\n<p><strong>Documentos de interese<\/strong><\/p>\n\n\n\n<div data-wp-interactive=\"core\/file\" class=\"wp-block-file\"><object data-wp-bind--hidden=\"!state.hasPdfPreview\"  class=\"wp-block-file__embed\" data=\"http:\/\/anpagarciabarbon.org\/wp-content\/uploads\/2024\/10\/Regulamento-comedores-version-27_09_aprobada-Xunta-1.pdf\" type=\"application\/pdf\" style=\"width:100%;height:600px\" aria-label=\"Incrustado de Regulamento-comedores-version-27_09_aprobada-Xunta-1.\"><\/object><a id=\"wp-block-file--media-8059a249-b725-46c3-9403-f72b0c916a06\" href=\"http:\/\/anpagarciabarbon.org\/wp-content\/uploads\/2024\/10\/Regulamento-comedores-version-27_09_aprobada-Xunta-1.pdf\">Regulamento-comedores-version-27_09_aprobada-Xunta-1<\/a><a href=\"http:\/\/anpagarciabarbon.org\/wp-content\/uploads\/2024\/10\/Regulamento-comedores-version-27_09_aprobada-Xunta-1.pdf\" class=\"wp-block-file__button wp-element-button\" download aria-describedby=\"wp-block-file--media-8059a249-b725-46c3-9403-f72b0c916a06\">Descarga\t <\/a><\/div>\n","protected":false},"excerpt":{"rendered":"<p>O equipo do noso comedor est\u00e1 conformado por case vinte monitores\/as e unha responsable. Atenden diariamente a m\u00e1is de 240 usuarios en d\u00faas quendas, dende 4\u00ba de Infantil ata 2\u00ba [&hellip;]<\/p>\n","protected":false},"author":1,"featured_media":0,"parent":0,"menu_order":2,"comment_status":"closed","ping_status":"open","template":"","meta":{"footnotes":""},"_links":{"self":[{"href":"http:\/\/anpagarciabarbon.org\/index.php?rest_route=\/wp\/v2\/pages\/17"}],"collection":[{"href":"http:\/\/anpagarciabarbon.org\/index.php?rest_route=\/wp\/v2\/pages"}],"about":[{"href":"http:\/\/anpagarciabarbon.org\/index.php?rest_route=\/wp\/v2\/types\/page"}],"author":[{"embeddable":true,"href":"http:\/\/anpagarciabarbon.org\/index.php?rest_route=\/wp\/v2\/users\/1"}],"replies":[{"embeddable":true,"href":"http:\/\/anpagarciabarbon.org\/index.php?rest_route=%2Fwp%2Fv2%2Fcomments&post=17"}],"version-history":[{"count":33,"href":"http:\/\/anpagarciabarbon.org\/index.php?rest_route=\/wp\/v2\/pages\/17\/revisions"}],"predecessor-version":[{"id":5300,"href":"http:\/\/anpagarciabarbon.org\/index.php?rest_route=\/wp\/v2\/pages\/17\/revisions\/5300"}],"wp:attachment":[{"href":"http:\/\/anpagarciabarbon.org\/index.php?rest_route=%2Fwp%2Fv2%2Fmedia&parent=17"}],"curies":[{"name":"wp","href":"https:\/\/api.w.org\/{rel}","templated":true}]}}